Suppose 5*r + 5*o = -20, r + 5 = -0*r - 2*o. Let k = 20 + -35. Let h = r - k. What is the tens digit of h?
1
What is the hundreds digit of (-42)/(-9)*393 + -2?
8
Let v(y) be the second derivative of -9*y**3/2 - 19*y**2 - 16*y. What is the units digit of v(-9)?
5
Suppose t + 0 = -5, 2*z + 5*t - 4201 = 0. What is the hundreds digit of z?
1
Let b(r) = r**2 - r + 3. Let p = 12 + -9. Let j be p/3 - -7 - 3. What is the units digit of b(j)?
3
Suppose -3*q = 28 + 29. Let j = q + 20. What is the units digit of j?
1
Let z = 7 + -4. Suppose 0 = -4*w + a + 186, 2*w + z*a + a - 102 = 0. What is the units digit of w + (3 + 1 - 4)?
7
Let b be 1312/(-12)*(-12)/(-8). What is the units digit of 1 - -2 - (b + -5 - 2)?
4
Let t be 26/(-7) - (-6)/(-21). Let y(p) = 14*p**2 + 8*p + 12. What is the units digit of y(t)?
4
Let d = 431 - 230. Suppose -8*m + d = -1191. What is the tens digit of m?
7
Let h(r) be the first derivative of 3*r**2 + 3*r + 4. Let f be h(3). What is the tens digit of f*((1 - 2) + 3)?
4
Let h(v) = v**2 + 2*v - 49. What is the tens digit of h(-12)?
7
Let h(k) = -2*k**2 - 66*k - 10. What is the units digit of h(-14)?
2
Suppose 14*h = 90 - 454. Let d(w) = w**3 + 27*w**2 + 22*w + 32. What is the hundreds digit of d(h)?
1
Let k be 82 + -2 + (1 - 1). Suppose -2*t + t + k = 0. What is the units digit of t?
0
Suppose -2*m = -497 - 325. What is the units digit of m?
1
Let m be (-68)/(-18) - 3/(27/(-2)). Suppose 2*c + 9*k - 186 = 4*k, m*c + 4*k = 348. What is the tens digit of c?
8
Let y = 4 + 38. Suppose -y = -o - 2*o. What is the tens digit of o?
1
Let r be (-6)/(-10) + (-2)/(-5). Let k(i) be the second derivative of 11*i**4/6 + i**3/6 + i. What is the tens digit of k(r)?
2
Suppose -1152 - 1089 = -9*h. What is the hundreds digit of h?
2
Let y(p) = 2*p**2 - 31*p - 134. What is the tens digit of y(23)?
1
Suppose 21*c - 357 - 84 = 0. Let l be 78/(-8) - 2/8. Let a = c + l. What is the tens digit of a?
1
Suppose -2 - 7 = -3*n. Suppose m = -n*m + 72. What is the tens digit of m?
1
Suppose j + 5*s + 3 = 0, -j + s - 5 = -2*j. Suppose j*u + u = 720. What is the tens digit of u?
9
Let d be 0 - 0 - (-12 + -8). Suppose 0*u + 2*u = d. What is the tens digit of u?
1
Suppose 0 = -3*i + 7*i - 4. Suppose 4*c = 5*k - 17, i + 4 = 3*k - 5*c. What is the units digit of k?
5
Suppose 2*k - 2*j = -3*k + 717, -4*j + 568 = 4*k. Suppose 3*l + 115 + k = 2*r, -l = 0. What is the hundreds digit of r?
1
Suppose -5*k - f + 16 = -5*f, -3*k - f = -13. Let q be (-8)/(-28) - k/14. Suppose 3*y + 2*x - x - 5 = q, 2*y - 3 = -x. What is the units digit of y?
2
Let n(p) = 114*p + 126. What is the units digit of n(9)?
2
Let c(h) = -22*h**3 + h**2 - 39*h - 96. What is the tens digit of c(-6)?
2
Suppose -10*n = -35139 + 2069. What is the hundreds digit of n?
3
Suppose -2*c = -6*c. Suppose c*r + 172 = -3*r + t, -r - 3*t - 44 = 0. Let j = r + 78. What is the tens digit of j?
2
Let w = 49 + -40. Suppose -18 - w = -r. What is the units digit of r?
7
Let r = 102 + -47. Let m = r + 22. What is the units digit of m?
7
Let t = 52 - 23. Let m be t - (1 - 1) - -1. What is the units digit of 80/m - 2/(-6)?
3
Suppose 6*a - 2968 = 1250. What is the tens digit of a?
0
Let y(h) = 2 + 2 - 2 + h**2 - 2*h. Let p(d) = d**2 + 13*d + 27. Let f be p(-11). What is the units digit of y(f)?
7
Let g be (-24)/10*1*10/(-4). Let l(m) = -m**3 + 16*m**2 - 12*m - 1. What is the tens digit of l(g)?
8
What is the hundreds digit of ((-156)/(-130))/((-1706)/1710 - -1)?
5
Suppose 0 = -13*z + 4304 + 2131. What is the tens digit of z?
9
Let p be 5 - 3 - (-444)/2. Suppose -9*d + 13*d - p = 0. What is the units digit of d?
6
Let h(i) be the third derivative of -i**6/120 + 7*i**5/30 - 5*i**4/8 + 8*i**3/3 - 4*i**2. Let k be h(13). What is the tens digit of (-2)/4 + (-195)/k?
1
Let a(j) = 2*j - 1. Let g be a(2). Let r be 114*(g - (-16)/(-6)). Suppose l + 63 = 3*b - r, -3*b - 2*l + 104 = 0. What is the tens digit of b?
3
Let k be (-13 + 5)/(-1 + 0). What is the tens digit of k/(-16) - 83/(-2)?
4
Suppose 0 = -4*h - 2*p + 486 + 3258, p = 2*h - 1872. What is the tens digit of h?
3
Suppose -2*m = -4*m - 8. Let w(f) = -f**3 - 3*f**2 - 5*f - 6. What is the tens digit of w(m)?
3
Suppose 0*o - 3*o + 32 = -5*x, 4*o - 36 = 5*x. Suppose o*f - 603 = 5*r, -f + 4*r = -5*f + 576. What is the hundreds digit of f?
1
Let p(y) = 2*y**2 + 7*y + 6. Let a be p(-4). Let m be 0/(4*(-5)/a). Suppose m = -8*f + 36 - 4. What is the units digit of f?
4
Suppose 0 = 823*t - 816*t - 952. What is the hundreds digit of t?
1
Let t(m) = -2*m**3 - 4*m**2 - m. Suppose 3 = 2*x - 3*g, g - 3*g = -2*x. What is the units digit of t(x)?
1
Suppose -w + 2*k + 3738 = 1265, -2*w + 3*k = -4951. What is the thousands digit of w?
2
Suppose -3*y = -2*r - 4, -3*y = 2*y + 4*r - 36. Suppose 5*h = 7*h - y. Suppose -h*q + 69 = -9. What is the tens digit of q?
3
Suppose y = a + 7, 0 = -y + a - 4*a - 1. What is the units digit of 6/((-2)/y - -1)?
0
Let r = 21 - 19. Suppose 2*s - 10 = -r*c - 3*c, -4*c + 36 = -4*s. Suppose c*k = 2*j - 4*j + 34, -j + 4*k - 7 = 0. What is the units digit of j?
9
Let i be (-96)/(-4) + (-6)/3. Suppose -3 + i = g. Suppose 0*t = -o - 3*t + g, 14 = o + 2*t. What is the units digit of o?
4
What is the tens digit of 23 + -22 - (-442)/1?
4
Let i(b) = 1712*b + 86. What is the tens digit of i(1)?
9
Let d(a) = -19*a + 25. Let q be d(-5). Let x = -65 + q. What is the units digit of x?
5
Let d(l) = -l**3 + 34*l**2 + 29*l + 187. What is the units digit of d(33)?
3
Suppose n - 4*n = 0. Suppose -4*g = 4*r - 3*r - 5, -2*r - 2*g + 4 = n. Let m(l) = 3*l. What is the units digit of m(r)?
3
Suppose -4*f - 9 = -3*f. What is the units digit of (-79)/f - 16/(-72)?
9
Suppose 7*v = 2366 + 2310. What is the hundreds digit of v?
6
Suppose 0 = 2*b - 4, 4*c - 2*b - 264 = -0*c. Suppose -h + 187 - c = 3*g, 5*h = 2*g + 634. What is the units digit of h?
6
Suppose 3*g + 11094 = 3*q, -q + 3146 = 3*g - 552. What is the thousands digit of q?
3
Suppose 3*c - 4*c + 36 = 0. Suppose j - 4*j + c = 0. What is the units digit of -1 + j - (-1 - -1)?
1
Suppose -22*n = -17*n - 3235. What is the hundreds digit of n?
6
Let d(s) = -s**3 - s**2 + 4*s + 1. Let n be 2/((-14)/4 + 3). What is the units digit of d(n)?
3
Suppose 4*q = 4*r - 1932, 17*q - 18*q - 963 = -2*r. What is the hundreds digit of r?
4
Let m(t) = 2*t - 10. Let c(w) = -2*w + 10. Let y(f) = -5*c(f) - 6*m(f). Let s be y(6). What is the tens digit of 141/11 - s/11?
1
Let m(l) = -4*l + 91. What is the tens digit of m(8)?
5
Suppose c - 76 = 3*q, -3*c - q = -4*q - 216. What is the units digit of 1*c/2 - 3?
2
Let v(m) = -m - 7. Let d be (2 + 28/(-8))*6. Let x be v(d). Suppose 4*c - x*f - f = 100, -3*c = -4*f - 68. What is the tens digit of c?
2
Suppose -1721 = -3*n - 2*s, -5*n + 2964 - 102 = -3*s. What is the tens digit of n?
7
Let s(r) = -r**2 + 18*r + 23. Let j(i) = -i**2 + 6*i + 2. Let v be j(6). Suppose v*y = -3*y + 4*o + 96, 4*y - 72 = 2*o. What is the tens digit of s(y)?
5
Let y(c) = -2*c + c + c + 24 - c. What is the units digit of y(16)?
8
Suppose -p - 5*l + 3*l = -249, 2*l = -2*p + 496. Suppose 5*y = h + 1244, 0*h = -y + 2*h + p. What is the hundreds digit of y?
2
Suppose g = -3*g - 2*b + 254, g + b = 65. Suppose 0 = 2*a + g - 626. What is the units digit of a/30 - 2/5?
9
Suppose 5398 = 29*c - 3592. What is the tens digit of c?
1
Let v(t) = -3*t**3 - 6*t**2 + 5*t. Let b be 2 + (2 + 2 - -1). Let a(f) = -f**3 - 2*f**2 + 2*f. Let d(h) = b*a(h) - 2*v(h). What is the units digit of d(-5)?
5
Suppose -2*l - 3*l = 5*x + 60, 2*l - 2*x + 24 = 0. Let r = 24 - l. Suppose 0 = 2*h - c - r, -2*h + 5*c + 0*c = -36. What is the units digit of h?
8
Suppose f - 3*l = 744, 0 = -0*f + 2*f + 3*l - 1452. What is the units digit of f?
2
Let t(g) = -g**3 - g**2 + 4*g + 6. Let h be t(-5). Let l(c) = -c**2 - 8*c + 3. Let b be l(-8). Suppose 0 = -b*n + n + h. What is the units digit of n?
3
Suppose j + 512 = x, 0 = -3*x - 2*j + 1808 - 277. What is the units digit of x?
1
Suppose 4 = -i - 2. Let p(b) = 2*b**2 + 3*b - 16. What is the units digit of p(i)?
8
Let u(a) = a**2 + 5*a + 7. Let v(h) = -h**2 - 6*h - 8. Let b(o) = -5*u(o) - 4*v(o). Let g be b(3). What is the units digit of (-8 + -3 + 7)*g?
0
Let f be (4/(-5))/(22/1595). Let w = f + 261. What is the units digit of w?
3
Supp